 2. Let c be i(2). Suppose 4*h - c = 2*g + 2*h, h - 125 = 2*g. Is g/(-15)*-1*-5 a composite number?
True
Suppose -5*g + 2*n + 39 = 0, -3 + 18 = 3*g - 4*n. Let x(h) = 14*h + 7. Is x(g) prime?
False
Let m(v) = -v + 7. Let w(j) = -3*j**2 + 3*j + 3. Let o be w(3). Is m(o) prime?
False
Suppose 3*y - 3*s - 1086 = 0, -2*y + 4*s + 345 = -373. Is y prime?
False
Suppose 9*t = 15*t - 7266. Is t prime?
False
Let y(g) = 331*g**2 - g - 1. Suppose -7*l = -5*l - 2. Is y(l) a prime number?
False
Let b = 14 - 11. Is 194*(-3 + 7 - b) a composite number?
True
Suppose 3*l + 4*o - 10291 = 0, 2*o = 6*l - 3*l - 10321. Is l composite?
True
Suppose -35 = -5*o + 255. Suppose -2*a + i + 6 = 4, -14 = -2*a - 2*i. Suppose -a*z + z = -8, 4*z = -2*r + o. Is r composite?
True
Suppose 2*v + 8 = -4*o, -5*v - 3*o - 6 = -v. Suppose 671 = 4*r - 5*f, v*r - 3*r = -3*f - 507. Let n = 337 - r. Is n a composite number?
False
Let a be ((-6)/(-1))/2*72/108. Let f(p) = -p + 4. Let o be f(0). Suppose i - 9 = w + w, 86 = o*i + a*w. Is i a composite number?
False
Suppose 30*a + 97 = 31*a. Is a a composite number?
False
Let m(z) = -31*z + 4. Is m(-3) a composite number?
False
Let q = -15 - -27. Is ((-2)/(-3))/(q/342) prime?
True
Let z = 39 - 23. Suppose 4*o + z = 0, 3*y - o = 2*y + 335. Is y prime?
True
Suppose -58 = -5*o + 422. Suppose -c + 76 + 16 = 3*n, -o = -3*n - 3*c. Suppose -n = -2*y - 0*y. Is y a prime number?
False
Is 18/99 + 6455/11 a prime number?
True
Let d be -2*(35/2)/(-7). Suppose -3*w = y - 169, d*w - 167 - 112 = -3*y. Is w a composite number?
True
Suppose 2*t + 0*o + o = 2674, 3*o = -5*t + 6685. Is t a composite number?
True
Suppose 3*y - 27 = -3*t - 0, -3*y = -5*t - 3. Suppose k + 120 = y*k. Suppose k - 2 = 2*i. Is i a prime number?
True
Let n(l) = -278*l - 9. Is n(-4) a composite number?
False
Let s = -5 - -9. Suppose 496 = s*p + 188. Is p a prime number?
False
Let m(b) = 23*b + 12. Let w be m(-8). Let f = w - -292. Suppose -3*o + f = 3*h, 1 = 3*h - 2. Is o a prime number?
False
Suppose 0*i = -2*i - 8, -2*j + 5*i = -26. Suppose o = j*o - 5*t - 436, 3*o = 5*t + 659. Is o a prime number?
True
Suppose -h - 2*s + 2197 = 0, 5*s = -3 - 12. Is h a prime number?
True
Let f(m) = 37*m**2 - 2. Is f(3) prime?
True
Let t(i) = -3*i - 1. Let m be t(5). Let y be 2 - (0 - -1 - 37). Let v = m + y. Is v composite?
True
Suppose 5*t - 327 = 4*m, -3*t + 2*t + 51 = 4*m. Suppose z - 16 = 5*z, -s - 20 = -2*z. Let f = t + s. Is f prime?
False
Let j = 1558 - 1037. Is j composite?
False
Suppose 0 = -f + 5*t + 608, 2*f - 1878 = -f - 3*t. Is f prime?
False
Let r = 2 - -3. Suppose 0 = -3*k - 4*q + 93, 5*k - 5*q + 0*q = 120. Let o = k - r. Is o composite?
True
Is (2/3)/(6/(-21132)*-4) a prime number?
True
Let a = 1408 - 115. Let w = -918 + a. Suppose 0 = -5*v - 2*b + w, 4*v + 5*b - 283 = -0*b. Is v prime?
False
Let x be -2 - (1 - 0 - 7). Let o be 2 + -4 + (8 - 1). Suppose o*w + 40 - 177 = -4*c, -5*c + 161 = -x*w. Is c prime?
False
Suppose -58 + 13 = -5*g. Let o(s) = s**3 - 9*s**2 + 4*s + 9. Let t be o(g). Suppose -3*y + t = -0*y. Is y a composite number?
True
Let t = 500 - -41. Is t composite?
False
Let w be (5 + -3)/((-2)/(-4)). Suppose -4*u - 3*m = -4*m - 2, 3*u - 2*m - w = 0. Suppose g = -3*r + 177, u*r + 2*g - 118 = -2*r. Is r a prime number?
True
Let m(w) = 153*w + 11. Is m(16) prime?
True
Let s = -28 - -117. Is s a prime number?
True
Let v(t) = 116*t**2 + 2*t + 1. Let w be v(-1). Suppose -3*c + w = 2*c. Is c prime?
True
Let a(k) = -k**3 + 7*k**2 + 9*k + 2. Let d(s) = 9*s**3 - 2*s**2 + s. Let n be d(1). Is a(n) composite?
True
Is (12778/6)/(1/(2 - -1)) a composite number?
False
Let c = 494 + -271. Is c a prime number?
True
Let q(r) = 116*r + 29. Is q(9) composite?
True
Let q = -7 + 13. Let b = q + -4. Suppose b*i + 13 - 57 = 0. Is i a composite number?
True
Let a(d) = -5*d**2 - d - 2. Let x be a(-3). Let t = x - -69. Let c = t - 6. Is c composite?
False
Suppose 0*p = 5*p - 40. Suppose 75 = p*u - 3*u. Is (-395)/u*1*-3 composite?
False
Let n be ((-18)/12)/((-1)/2). Suppose n*y - 14 = -5. Let t = y + 56. Is t a composite number?
False
Let j(p) = 6*p**2 - 11*p. Let s(g) = -g**2 + 2*g. Let c(t) = 2*j(t) + 11*s(t). Let m be c(1). Suppose -5*w = -r - m, r + 4*r - 111 = -4*w. Is r composite?
False
Suppose -17 - 183 = -5*l. Suppose -3*k + l + 5 = 0. Is k composite?
True
Suppose -r + 5*r - 8 = 0. Is r/4 - 15/(-6) a composite number?
False
Let b be 3*(102/9 + 1). Is b + 0/((-3)/3) a composite number?
False
Is ((-998)/8)/((-5)/20) composite?
False
Let q = -1 + 1. Suppose q*t + 68 = 2*t. Suppose 3*a - 133 + t = 0. Is a a composite number?
True
Let k be ((-3)/6)/(1/(-2106)). Suppose 5*q - k = -4*m - 398, 5 = m. Is q a composite number?
False
Let h(m) = -4*m**3 - 11*m**2 - 16*m + 2. Is h(-7) composite?
False
Let c(b) = -b**3 - 7*b**2 + 6*b - 5. Let z(r) = 2*r + 3. Let y be z(-6). Is c(y) a prime number?
True
Let y(s) = 2*s**2 + s - 1. Suppose z - 3*z = -4*n, 3*n - z = 1. Let w be y(n). Suppose 5*c - w*c + 189 = 3*m, m - 71 = -3*c. Is m a prime number?
False
Suppose 3*v - 772 - 6935 = 0. Is v prime?
False
Suppose -5*t + 3*m + 332 = -4*t, 0 = -5*t - 3*m + 1570. Is t a composite number?
False
Let x(v) = -12*v - 2. Let p be x(-4). Let a = p - -81. Is a composite?
False
Let f be 2/(-8) + (-49)/(-4). Let o(t) = t**3 + t**2 - t + 23. Let z be o(0). Let l = z - f. Is l composite?
False
Is 429096/42 - 3/(-7) composite?
True
Is (-36)/(-2) + 5/5 composite?
False
Suppose -2*v + 3*u = -15, -4*v - 2*u - 3 = 3*u. Suppose -3*o + 5*j + 19 = -o, -v*j + 4 = o. Let s = 52 + o. Is s a prime number?
True
Suppose 4*m = -2*v - 6, -8*m = 5*v - 3*m. Suppose -v*c + 265 = 2*c. Is c a prime number?
True
Let p be ((-1)/2)/(7/686). Let l = p + 86. Is l prime?
True
Suppose q = -3*q + 20, 4*d + 4*q = 32. Suppose 0 = 2*n - d*j - 6, 5*n + 4*j + 4 = 2*j. Suppose -5*g + 3*k + 0*k + 54 = n, 4*g - 4*k = 48. Is g composite?
True
Let b(p) = p**3 + 16*p**2 - 13*p - 1. Is b(-15) a composite number?
False
Is -3 + (-3 - -8) + (-1 - -526) composite?
True
Suppose 0 = -y + 3, 5*r + y = -0*y + 5978. Is r composite?
True
Let f(j) = 447*j**2 - j. Let r be f(-1). Suppose -b = -n + 230, n + n + b - r = 0. Is n prime?
False
Suppose 0 = -4*l + 3093 + 271. Is l a prime number?
False
Suppose 5*w = 15, 4*w = 4*j - 2293 - 4711. Is j composite?
True
Let j(b) = 2*b + 4. Let u be (1 - (-10)/(-4))*2. Let h be j(u). Is 1 - h*3*2 composite?
False
Let t = 12 - -3. Let m be (-34 + -2)*t/(-2). Let o = -183 + m. Is o prime?
False
Let g(i) = -3*i**3 + 2*i**2 - 2*i - 2. Let d be g(-2). Suppose d + 14 = 3*k - 3*x, -4*x - 9 = k. Is k a composite number?
False
Let x = -235 + 482. Is x prime?
False
Let c = 23 - 15. Let a = c - 16. Let i = 18 + a. Is i prime?
False
Suppose -401 - 17 = -2*a. Is a a composite number?
True
Suppose -2*m + 7*m - 25 = 0. Suppose 5*y + p = 7*y - 143, 3*p + 358 = m*y. Is y prime?
True
Let z = 1 + -1. Let n(t) = t + 263. Is n(z) prime?
True
Let i = -8 + 10. Suppose -5*t + 131 = 3*j, 4 = -4*t + i*t. Is j prime?
True
Let h(c) = -c**3 + 11*c**2 + 6*c - 11. Let v be -10*3/9*-3. Is h(v) prime?
True
Let k be 8/(((-8)/4)/(-1)). Suppose k*c - 144 = -0*m - m, 3*c + 4*m = 95. Is c a prime number?
True
Suppose -3*b + 3*l + 2870 = -2911, -b = -2*l - 1923. Is b composite?
False
Suppose -3*g + 174 = -2*g. Let f be g/(-21) + 4/14. Is (f/(-6) - -2)*3 prime?
False
Let w(l) = -13*l**3 - 2*l**2 + 1. Let j be w(-1). Suppose -d + j = 2*d. Is (11*1)/(d/12) a composite number?
True
Suppose 0 = r + 4*j - 655, -2*r = 6*j - 4*j - 1316. Is r composite?
False
Let v = -765 + 2024. Is v prime?
True
Let p be -3*(9/(-3) - -1). Let o = 8 - p. Let h(r) = 3*r**3 - r**2 - 1. Is h(o) a composite number?
False
Suppose f + 2 = -3*j - 5, -2 = -f. Let c = 7 + j. Suppose -2*i + 299 = z, 658 = c*i + z + 61. Is i a composite number?
False
Let b = -227 + 385. Let n = b - 89. Is n prime?
False
Let h be 1/(1 + 3/(-4)). Let x = 10 - h. Suppose -22 = -x*t + 4*t. Is t prime?
True
Suppose 946 = 5*u - 9. Is u composite?
False
Let u = -2 - -6. Suppose 5*c = 3*m - 19, -c + 28 + 5 = u*m. Is m/10*(-110)/(-4) prime?
False
Suppose -30*m + 34*m = 1964. Is m a prime number?
True
Let s be (32/12)/(6/9). Suppose -3*r = -14 - s. Is r a composite number?
True
Let g(u) = 2*u - 6. Let q be g(4). Let k(d) = -1 - q + 4*d - 6. I